7
Convert -2 (base 11) to base 15.
-2
11 (base 2) to base 8
3
What is -121 (base 3) in base 9?
-17
What is 0 (base 12) in base 2?
0
-10 (base 5) to base 15
-5
Convert 4 (base 7) to base 8.
4
What is -31 (base 10) in base 13?
-25
104 (base 5) to base 7
41
What is 5 (base 14) in base 12?
5
What is -10 (base 5) in base 10?
-5
Convert 1 (base 15) to base 10.
1
What is -101 (base 12) in base 5?
-1040
Convert 3111 (base 4) to base 11.
184
What is -21 (base 4) in base 7?
-12
What is 11 (base 13) in base 7?
20
Convert -53 (base 15) to base 7.
-141
-74 (base 9) to base 13
-52
What is 16 (base 10) in base 12?
14
Convert -20 (base 3) to base 13.
-6
What is 101 (base 7) in base 4?
302
What is -222 (base 4) in base 5?
-132
Convert 5 (base 10) to base 8.
5
Convert -50 (base 11) to base 2.
-110111
Convert -18 (base 9) to base 15.
-12
What is 132 (base 4) in base 8?
36
What is -4 (base 6) in base 2?
-100
What is 94 (base 14) in base 10?
130
Convert -44 (base 9) to base 15.
-2a
Convert -5 (base 12) to base 2.
-101
Convert -124 (base 6) to base 15.
-37
Convert 4 (base 6) to base 4.
10
14 (base 11) to base 6
23
Convert -3 (base 11) to base 9.
-3
4 (base 13) to base 4
10
-a0 (base 15) to base 16
-96
Convert -26 (base 7) to base 12.
-18
Convert -3 (base 11) to base 10.
-3
What is 5 (base 9) in base 11?
5
Convert 3 (base 11) to base 14.
3
What is 6 (base 8) in base 13?
6
176 (base 13) to base 4
10022
What is -2022 (base 4) in base 2?
-10001010
What is -3 (base 6) in base 2?
-11
-2111 (base 3) to base 7
-124
Convert -1 (base 5) to base 3.
-1
What is 77 (base 14) in base 13?
81
What is -3 (base 15) in base 12?
-3
10 (base 9) to base 6
13
What is -86 (base 10) in base 13?
-68
Convert 4 (base 10) to base 15.
4
Convert -11 (base 6) to base 12.
-7
-3 (base 4) to base 6
-3
Convert 13 (base 13) to base 12.
14
Convert 20 (base 4) to base 3.
22
What is 11 (base 5) in base 4?
12
Convert 344 (base 6) to base 16.
88
9 (base 11) to base 14
9
5 (base 11) to base 9
5
-215 (base 6) to base 5
-313
Convert -1 (base 16) to base 15.
-1
What is -12110 (base 3) in base 12?
-103
Convert -52 (base 6) to base 5.
-112
-2 (base 6) to base 11
-2
Convert d (base 14) to base 11.
12
What is 2 (base 13) in base 15?
2
Convert 7 (base 9) to base 15.
7
Convert 6 (base 8) to base 11.
6
-a (base 11) to base 16
-a
Convert -36 (base 15) to base 12.
-43
2 (base 10) to base 15
2
What is -35 (base 8) in base 15?
-1e
Convert 11 (base 4) to base 8.
5
Convert 123 (base 10) to base 11.
102
What is -1000 (base 2) in base 16?
-8
Convert -57 (base 16) to base 10.
-87
-a7 (base 14) to base 6
-403
Convert 100 (base 2) to base 8.
4
Convert -b (base 16) to base 9.
-12
6 (base 7) to base 16
6
Convert -18 (base 10) to base 6.
-30
-9b (base 13) to base 9
-152
What is 135 (base 14) in base 3?
100000
What is 1a (base 15) in base 4?
121
12 (base 8) to base 2
1010
Convert -94 (base 15) to base 12.
-b7
Convert -11 (base 10) to base 8.
-13
Convert -8 (base 16) to base 11.
-8
What is 15 (base 9) in base 3?
112
Convert 3 (base 10) to base 13.
3
What is -11111 (base 2) in base 16?
-1f
What is -3 (base 4) in base 13?
-3
What is -bc (base 14) in base 13?
-ca
4 (base 6) to base 12
4
What is 1 (base 4) in base 9?
1
Convert 2a (base 16) to base 9.
46
What is 3 (base 15) in base 13?
3
3 (base 4) to base 16
3
Convert 1b (base 14) to base 8.
31
-68 (base 9) to base 6
-142
What is 24 (base 9) in base 16?
16
Convert -1003 (base 4) to base 7.
-124
What is 102 (base 5) in base 14?
1d
Convert 6 (base 11) to base 16.
6
What is -23 (base 14) in base 2?
-11111
What is 51 (base 12) in base 7?
115
Convert 31 (base 12) to base 4.
211
1b (base 15) to base 5
101
What is 1012 (base 4) in base 14?
50
What is -10 (base 9) in base 3?
-100
What is -5 (base 12) in base 4?
-11
2 (base 5) to base 15
2
Convert -3 (base 15) to base 9.
-3
Convert -125 (base 9) to base 13.
-80
-10212 (base 3) to base 11
-95
What is -6 (base 11) in base 6?
-10
Convert -15 (base 6) to base 15.
-b
What is 3 (base 9) in base 16?
3
Convert 227 (base 11) to base 13.
17b
Convert -134 (base 5) to base 13.
-35
-4 (base 15) to base 14
-4
Convert -2102 (base 5) to base 15.
-137
22 (base 3) to base 9
8
-10221 (base 3) to base 14
-78
Convert 2a (base 11) to base 3.
1012
What is 25 (base 11) in base 15?
1c
What is 12 (base 5) in base 9?
7
Convert -1c (base 15) to base 8.
-33
Convert 72 (base 11) to base 9.
87
What is -22 (base 3) in base 2?
-1000
Convert 1120 (base 3) to base 14.
30
What is 3 (base 16) in base 15?
3
4 (base 16) to base 9
4
Convert 79 (base 11) to base 7.
152
Convert 8 (base 11) to base 8.
10
What is 3 (base 9) in base 14?
3
What is -2 (base 6) in base 12?
-2
-2d (base 15) to base 7
-61
-14 (base 16) to base 9
-22
0 (base 6) to base 14
0
What is 8 (base 12) in base 13?
8
10121 (base 3) to base 2
1100001
Convert 0 (base 6) to base 16.
0
-1132 (base 5) to base 10
-167
What is 24 (base 14) in base 2?
100000
What is 6 (base 12) in base 8?
6
Convert -17c (base 13) to base 9.
-332
29 (base 12) to base 11
30
2 (base 16) to base 3
2
What is 5 (base 6) in base 5?
10
10000101 (base 2) to base 4
2011
2 (base 4) to base 2
10
What is -245 (base 12) in base 7?
-665
Convert 22 (base 4) to base 12.
a
Convert 0 (base 6) to base 12.
0
What is 110 (base 8) in base 11?
66
What is -35 (base 10) in base 14?
-27
What is -1 (base 4) in base 10?
-1
Convert 1303 (base 6) to base 10.
327
-50 (base 12) to base 8
-74
-2 (base 9) to base 14
-2
Convert 0 (base 2) to base 5.
0
-11 (base 5) to base 11
-6
Convert 1 (base 7) to base 5.
1
Convert 1 (base 12) to base 8.
1
Convert -310 (base 5) to base 8.
-120
236 (base 12) to base 3
110020
What is 10 (base 2) in base 7?
2
Convert 0 (base 9) to base 10.
0
What is -7c (base 15) in base 13?
-90
What is 316 (base 8) in base 2?
11001110
-7 (base 12) to base 11
-7
Convert -57 (base 15) to base 6.
-214
What is -d (base 16) in base 11?
-12
-2102 (base 3) to base 9
-72
What is 3 (base 6) in base 12?
3
Convert 2 (base 11) to base 4.
2
20 (base 9) to base 11
17
What is 203 (base 5) in base 3?
1222
What is -1 (base 11) in base 8?
-1
Convert 4 (base 6) to base 16.
4
What is 55 (base 7) in base 6?
104
Convert 0 (base 16) to base 14.
0
25 (base 7) to base 14
15
What is -10001 (base 2) in base 8?
-21
Convert -2 (base 14) to base 11.
-2
What is 9 (base 15) in base 6?
13
1 (base 10) to base 3
1
What is -a (base 16) in base 10?
-10
2 (base 7) to base 14
2
2 (base 13) to base 4
2
-10110 (base 2) to base 5
-42
-10 (base 4) to base 5
-4
Convert -2 (base 11) to base 6.
-2
What is -6 (base 15) in base 10?
-6
Convert -4 (base 10) to base 2.
-100
-43 (base 7) to base 6
-51
Convert 5 (base 16) to base 2.
101
Convert 4 (base 14) to base 8.
4
What is -11 (base 5) in base 11?
-6
Convert -31 (base 13) to base 5.
-130
What is 0 (base 2) in base 5?
0
Convert 0 (base 3) to base 2.
0
Convert -4 (base 6) to base 14.
-4
Convert 43 (base 13) to base 9.
61
What is -11 (base 10) in base 9?
-12
-101 (base 3) to base 5
-20
What is 113 (base 4) in base 7?
32
Convert 2120 (base 3) to base 10.
69
41 (base 8) to base 14
25
Convert -1 (base 15) to base 12.
-1
Convert -14 (base 11) to base 13.
-12
Convert -a (base 11) to base 9.
-11
104 (base 5) to base 4
131
-32 (base 13) to base 6
-105
What is 10111 (base 3) in base 13?
73
Convert -66 (base 13) to base 16.
-54
What is 17 (base 13) in base 12?
18
-24 (base 13) to base 3
-1010
Convert -107 (base 16) to base 12.
-19b
0 (base 6) to base 12
0
10000 (base 2) to base 16
10
Convert -1012 (base 3) to base 5.
-112
What is -2a (base 13) in base 5?
-121
Convert 0 (base 14) to base 12.
0
-43 (base 5) to base 7
-32
1242 (base 6) to base 9
378
-26 (base 10) to base 9
-28
What is 2 (base 8) in base 13?
2
2 (base 14) to base 13
2
-2 (base 7) to base 11
-2
2c (base 16) to base 3
1122
What is -200 (base 3) in base 15?
-13
Convert 51 (base 12) to base 5.
221
What is 7 (base 13) in base 16?
7
Convert -1 (base 8) to base 16.
-1
What is -21 (base 4) in base 2?
-1001
Convert 1 (base 3) to base 9.
1
-10000 (base 2) to base 3
-121
1100 (base 2) to base 11
11
What is 3 (base 6) in base 15?
3
-2 (base 5) to base 6
-2
What is 11 (base 9) in base 14?
a
Convert -18 (base 14) to base 11.
-20
2 (base 12) to base 13
2
What is 123 (base 5) in base 3?
1102
What is 222 (base 4) in base 16?